{"id":989,"date":"2024-03-11T18:15:56","date_gmt":"2024-03-11T17:15:56","guid":{"rendered":"https:\/\/atelieraramis.com\/?post_type=product&#038;p=989"},"modified":"2024-03-13T00:44:15","modified_gmt":"2024-03-12T23:44:15","slug":"les-oiseaux-qui-volent-contre-le-vent","status":"publish","type":"product","link":"https:\/\/atelieraramis.com\/index.php\/produit\/les-oiseaux-qui-volent-contre-le-vent\/","title":{"rendered":"Les oiseaux qui volent contre le vent"},"content":{"rendered":"<p>Un recueil de peintures. <br \/>Une s\u00e9lection de toiles r\u00e9alis\u00e9es de fin 2019 \u00e0 d\u00e9but 2024. <br \/>Un journal de bord au fil duquel chacun peut lire sa propre histoire. <\/p>\n<p>S\u00e9rie I &#8211; 75 exemplaires num\u00e9rot\u00e9s et sign\u00e9s<\/p>\n<p>120 pages <br \/>couverture cartonn\u00e9e rigide <br \/>dimensions : 30 x 21,5 cm<\/p>\n","protected":false},"excerpt":{"rendered":"<p>Une revue de peintures comme un journal de bord, une immersion dans l&rsquo;univers d&rsquo;Aramis au gr\u00e9 des pages, au fil d&rsquo;une centaine de toiles. <\/p>\n","protected":false},"featured_media":947,"comment_status":"closed","ping_status":"closed","template":"elementor_header_footer","meta":[],"product_cat":[81],"product_tag":[],"class_list":{"0":"post-989","1":"product","2":"type-product","3":"status-publish","4":"has-post-thumbnail","6":"product_cat-catalogue","8":"first","9":"instock","10":"shipping-taxable","11":"purchasable","12":"product-type-simple"},"_links":{"self":[{"href":"https:\/\/atelieraramis.com\/index.php\/wp-json\/wp\/v2\/product\/989","targetHints":{"allow":["GET"]}}],"collection":[{"href":"https:\/\/atelieraramis.com\/index.php\/wp-json\/wp\/v2\/product"}],"about":[{"href":"https:\/\/atelieraramis.com\/index.php\/wp-json\/wp\/v2\/types\/product"}],"replies":[{"embeddable":true,"href":"https:\/\/atelieraramis.com\/index.php\/wp-json\/wp\/v2\/comments?post=989"}],"version-history":[{"count":4,"href":"https:\/\/atelieraramis.com\/index.php\/wp-json\/wp\/v2\/product\/989\/revisions"}],"predecessor-version":[{"id":1076,"href":"https:\/\/atelieraramis.com\/index.php\/wp-json\/wp\/v2\/product\/989\/revisions\/1076"}],"wp:featuredmedia":[{"embeddable":true,"href":"https:\/\/atelieraramis.com\/index.php\/wp-json\/wp\/v2\/media\/947"}],"wp:attachment":[{"href":"https:\/\/atelieraramis.com\/index.php\/wp-json\/wp\/v2\/media?parent=989"}],"wp:term":[{"taxonomy":"product_cat","embeddable":true,"href":"https:\/\/atelieraramis.com\/index.php\/wp-json\/wp\/v2\/product_cat?post=989"},{"taxonomy":"product_tag","embeddable":true,"href":"https:\/\/atelieraramis.com\/index.php\/wp-json\/wp\/v2\/product_tag?post=989"}],"curies":[{"name":"wp","href":"https:\/\/api.w.org\/{rel}","templated":true}]}}